et a be (-12*3/(-2))/((-6)/(-18)). What is the greatest common divisor of 6 and a?
6
Let x be 2/12 + 6027/126. What is the greatest common divisor of x and 16?
16
Suppose -2*u = x - 25, 2*u = 2 - 4. Calculate the highest common divisor of 81 and x.
27
Suppose -2*p - 434 = -5*f, 0 = -3*p + 15 - 6. Calculate the highest common factor of 22 and f.
22
Suppose 0*f + 3 = -f. Let y(l) = -12*l - 2. Let q be y(f). Let b be ((-102)/(-3))/((-6)/(-3)). What is the greatest common factor of q and b?
17
Let n be 4/20 - 1017/(-15). What is the greatest common factor of n and 102?
34
Let l(a) = -11*a**2 - 3*a - 1. Let p = -7 - -5. Let o be l(p). Let b = 104 + o. What is the highest common factor of b and 13?
13
Let u be (-4)/(0 + (-2)/5). What is the highest common divisor of 70 and u?
10
Let j(k) = -k**3. Let z be j(-1). Let x be (-4 - -4)/(-1 - z). Suppose -2*m + x*m + 28 = 0. Calculate the highest common divisor of 98 and m.
14
Suppose 5*u - z - 72 = 0, -5*u - z + 87 = 3*z. Calculate the greatest common divisor of u and 15.
15
Let t = 3 - 4. Let l be (-20)/(-2) - (-1)/t. Let d = 139 + -67. Calculate the greatest common factor of l and d.
9
Suppose 5*n + 17 = 2*j - 3*j, 3*j = -2*n + 1. Let c = 1 - 1. Suppose f - 3 = -c. Calculate the greatest common factor of f and j.
3
Let u be 0 + (2 - 3) + 51. Let v = u - 30. Suppose 0 = -3*d - 2*a + 529 - 51, -635 = -4*d - 5*a. Calculate the greatest common factor of d and v.
20
Let d = -45 + 150. Suppose -5*h - 4*l + 260 = 0, 2*h - 2*l = -3*l + 101. Let t = -6 + h. What is the greatest common factor of d and t?
21
Let h(u) = -u + 3. Let i be h(-13). What is the highest common factor of i and 2?
2
Let n be (9/(-15))/(5/(-100)). What is the greatest common factor of 3 and n?
3
Let r(i) = i**3 + 2*i - 3. Let j be r(2). Suppose -3*t + 9 = 0, 3*v - 3*t + 3 = -j. Let l be -2 - v*14*2. What is the greatest common divisor of l and 39?
13
Suppose -u = u - 24. Let j = 12 + -6. Calculate the greatest common factor of u and j.
6
Suppose -h + 88 = 3*h. What is the highest common factor of 2 and h?
2
Let r be -11*((-3 - 0) + 2). Calculate the highest common factor of r and 1.
1
Let c = 291 + 174. Suppose -4*h - c = -7*h. Let g = -38 + h. What is the highest common factor of 13 and g?
13
Let f be (3 - 0)/(2/6). Suppose f = -b - 2*s, 5*b - 3*s = 13 + 7. Calculate the greatest common factor of b and 11.
1
Suppose 3*o = -c + 3*c + 112, 2*o + 2*c - 88 = 0. Calculate the highest common factor of o and 10.
10
Let k be (10/20)/(((-9)/(-42))/3). Calculate the greatest common divisor of k and 56.
7
Suppose -5*f + 4*c + 11 = 0, c + c = -4*f + 14. What is the highest common divisor of 3 and f?
3
Suppose 0 = -7*z + z - 60. Let c be (2 - z)/(-2 + 3). What is the greatest common factor of c and 12?
12
Suppose 3*a - 173 = -4*j + 40, -j + a + 62 = 0. Let c = -3 - -5. Suppose y + c*y = j. Calculate the greatest common factor of y and 171.
19
Let f(q) = -q**3 - 9*q**2 + 2. Let n be f(-9). Let y = -11 + 5. Let h be (-16)/(-3) - (-2)/y. What is the highest common divisor of n and h?
1
Let f(k) = -15*k + 1. Suppose 4*z = -4*n + 5 + 3, 0 = 4*z. Let a be f(n). Let j = a - -41. What is the highest common factor of j and 8?
4
Let c(h) = -15*h + 3 - 42*h - 4. Let b be c(-1). What is the highest common factor of 8 and b?
8
Let z be 1/5 + (-236)/(-20). Suppose a - 1 - z = 0. What is the highest common factor of a and 26?
13
Let z(k) = 116*k**2 + 4*k - 3. Let w be z(1). Calculate the greatest common divisor of w and 13.
13
Suppose a - 4 = -2. What is the highest common divisor of a and 8?
2
Suppose -266 = -5*j + 624. Suppose 0 = 2*l + 34 - j. Calculate the highest common divisor of l and 8.
8
Suppose 3*w + 6 = 5*y, 0*w - 2*w = 3*y - 15. Let j(p) = -p**2 + 11*p + 3. Let b be j(9). Calculate the greatest common factor of w and b.
3
Suppose 5 = -2*g + 3, -15 = -5*z - 5*g. Let n(u) = -u**2 + 2*u + 2. Let d be n(2). Suppose -r = -8 - d. Calculate the greatest common divisor of z and r.
2
Suppose -3*a + 20 = 5*k + 2*a, -3*k - 2*a + 16 = 0. Calculate the highest common divisor of k and 32.
8
Suppose 0 = -4*k - 0*k. Suppose q - 9 - 14 = k. Suppose q + 7 = v. What is the greatest common divisor of 12 and v?
6
Let a be 1/(-4)*-2*0. Suppose j - m = -a*m + 5, -4*j + 3*m + 18 = 0. Suppose 1 = -j*y + 7. Calculate the highest common divisor of y and 3.
1
Let a(f) = 5*f + 9. Let x be a(8). Let o be x + 2/1 + -3. What is the greatest common factor of 32 and o?
16
Suppose -7*o = -4*o - 15. Suppose -24 = -o*v - 2*w, -2*v + 22 = v + 5*w. Let z be -7*(-10)/v*2. What is the greatest common divisor of z and 5?
5
Let y = 23 + -10. Calculate the greatest common divisor of 104 and y.
13
Let y be (-24)/(-8)*8/3. Let i be -2*(25/(-2))/(-5). Let c be (-30)/(-4)*(-48)/i. Calculate the greatest common factor of y and c.
8
Suppose -9 = -d + 15. Suppose u + 22 = 5*a, 5*a - 4*a - 2 = -u. Suppose 5*m - a - 26 = 3*n, 0 = -n - 5. What is the highest common factor of m and d?
3
Let g(y) = -2*y + 6. Let x be g(4). Let t(u) = 3*u + 3. Let m be t(0). Let s = x + m. Calculate the highest common factor of 9 and s.
1
Suppose 3*a - 10 = a. Suppose a = -2*c + 3*c. Suppose -3 - c = -u. Calculate the highest common factor of 32 and u.
8
Let f(y) = -16*y**3 + 2*y**2 - y. Let j be f(1). Let n = j + 9. Let i be (-10)/n + (-9)/(-27). What is the highest common factor of 4 and i?
2
Let w be 1 + (0 - -1) - -78. Let s(r) = 2*r**2 + 22*r - 14. Let p be s(-12). What is the highest common factor of w and p?
10
Let t = 1 + 30. Let q(o) = -o**2 - 8*o - 8. Let r be q(-6). Suppose r*n - 33 - t = 0. Calculate the greatest common factor of n and 2.
2
Suppose -u + 5*a - 14 = 12, 3*u + 52 = 2*a. Let h be 26/(-8)*u/2. Suppose 0 = 2*o - 14 - h. Calculate the highest common divisor of 40 and o.
20
Suppose 2*x - 185 = -a + 6*x, 2*a + 5*x = 383. What is the highest common divisor of a and 21?
21
Suppose -2*w - 32 = -5*o, 3*o - 4*w + 0 = 8. Let x(t) = t**3 + 4 + 22*t - 22*t - 8*t**2. Let f be x(8). Calculate the highest common divisor of o and f.
4
Let d be (27/12)/(6/16). Calculate the greatest common divisor of 48 and d.
6
Let k be (-3)/18 - (-73)/6. What is the highest common factor of k and 2?
2
Suppose 3*s - 3*o = 333, -548 = -5*s - o - o. What is the greatest common divisor of 10 and s?
10
Suppose 0 = -3*j - a + 7, 36 = j + 3*j - 4*a. Suppose 3*m - w - 386 = 3*w, 0 = j*m + 2*w - 500. Calculate the highest common factor of 14 and m.
14
Let q be -4 - ((2 - 2) + 0). Let j be 5/(0 - q/4). What is the highest common divisor of j and 40?
5
Let k be ((-9)/6)/((-3)/56). What is the greatest common factor of k and 140?
28
Let g be ((-1)/1 - -4) + 1. Let t(d) = 6*d + 2. Let w be t(g). Calculate the greatest common divisor of 65 and w.
13
Suppose 0*x + 7*x - 588 = 0. What is the greatest common factor of x and 56?
28
Let i(q) = 3*q**2 - 9*q - 8. Let j be i(-6). Let r = 45 + -10. Let x = r + -21. Calculate the highest common divisor of j and x.
14
Let u = 51 + -26. Let a = u - 11. Calculate the greatest common divisor of a and 98.
14
Suppose 30 = m - 4*m. Let j = m + 18. Calculate the highest common divisor of j and 56.
8
Let x = -103 - -159. Suppose 0 = 5*r - x + 16. What is the greatest common divisor of r and 40?
8
Let c = -54 + 80. Calculate the highest common divisor of c and 104.
26
Let m(i) = 2*i - 3. Let l = 1 - -3. Let z be m(l). Suppose 4*o = z*x + 39 + 50, -4*o = -4*x - 88. What is the greatest common factor of o and 3?
3
Let k(z) = z + 2. Let v be k(-3). Let b(m) = -17*m**3 + m. Let p be b(v). Suppose -4*d = d - 80. Calculate the greatest common divisor of p and d.
16
Let i(p) = -9*p**3 + p**2 + 2*p + 1. Let z be i(-1). Suppose 2*h - 17 = z. What is the greatest common divisor of 143 and h?
13
Suppose 4*c = 5*c - 56. Calculate the greatest common factor of 14 and c.
14
Suppose 5*v = 4*t - 1231, -4*v + 313 = t - 0*t. Suppose 0 = -m + 4*h + 162, -40 = -2*m + 3*h + t. Calculate the highest common factor of m and 26.
26
Suppose 6*h - 690 = h. Let m = h + -50. Let f be (-12)/((-1)/2 - 1). Calculate the greatest common factor of f and m.
8
Let n(y) = -33*y**3 - y**2 - y - 1. Let o be n(-1). Let u = o - -111. Calculate the greatest common divisor of u and 13.
13
Let v = 6 + -2. Suppose s - 8 = -3*s, -4*f = 5*s - 42. Suppose 0 = 